*h + 42 = 5*u, -u = -2*h. Calculate the remainder when 27 is divided by u.
3
Let x = 9 - 7. Suppose -5 + 3 = -f. What is the remainder when f is divided by x?
0
Let o = -30 + 44. Calculate the remainder when o is divided by 5.
4
Let h(b) = 6*b - 12. Let r(y) = y - 1. Let s(l) = -h(l) + 12*r(l). Let f = 21 - 14. Calculate the remainder when s(2) is divided by f.
5
Let g be 20/(-6)*3*-6. Let d = g + 6. What is the remainder when d is divided by (36/32 - 1) + (-135)/(-8)?
15
Let q(c) = -3*c + 2*c**3 + 4*c**2 - 3*c**3 + 0*c**3. Let k = -39 + 41. Calculate the remainder when q(2) is divided by k.
0
Let a(y) = 2*y**2 + 5*y + 6. Let u(x) = -x**3 + 11*x**2 - 11*x + 15. What is the remainder when a(-4) is divided by u(10)?
3
Suppose 2*s + 27 = -3. What is the remainder when (-410)/s - 2/(-3) is divided by 15?
13
Suppose 3*h + 132 = 5*y + 37, 2*y + 4*h = 12. Suppose -5*f + 0*l + 308 = -l, 0 = -5*f + 5*l + 300. Calculate the remainder when f is divided by y.
14
Let w = 142 - -18. Calculate the remainder when w is divided by 18.
16
Suppose 5*g - 5 - 3 = b, 0 = -5*b - 2*g + 95. Calculate the remainder when b is divided by 4.
1
Let c(u) = -u**2 + 4*u + 30. Let x(i) = 15*i + 1. Calculate the remainder when c(0) is divided by x(1).
14
Let u(t) = -4*t + 6. Let c be u(6). Let l be (-4)/18 - 238/c. Suppose -133 = -5*b - l. What is the remainder when b is divided by 13?
11
Let y = 1 + 1. What is the remainder when y + 2 + 29 + -2 is divided by 16?
15
Let b be (1/2*0)/(-2). What is the remainder when 79 is divided by (b + 4/(-3))*-15?
19
Suppose 0*x + 4 = x. Let d be ((-1)/(-2))/(1/x). Suppose -2*k - 10 = 0, -2*m - 2*k - d = -4. Calculate the remainder when 21 is divided by m.
3
Suppose -134 = -4*g + 14. Calculate the remainder when g is divided by 20.
17
Suppose 1 - 5 = -w, 0 = 4*l + 4*w - 112. Calculate the remainder when l is divided by 14.
10
Let y(k) = -k**2 - 5 + 14 - k + 9*k. Let f(h) = -h**2 + 9*h + 10. Let l(j) = 6*f(j) - 7*y(j). What is the remainder when 8 is divided by l(-2)?
3
Suppose 0*l + 12 = 2*l + w, -2*w = 3*l - 17. Calculate the remainder when 26 is divided by l.
5
Suppose 5*b - 13 = 5*j - 3, b = 2*j. Suppose 4*i + 2*c - 13 = 29, -j*i - 5*c = -9. What is the remainder when i is divided by 5?
2
Suppose -1 = 10*o - 131. Calculate the remainder when (10/4)/(2/20) is divided by o.
12
Suppose 3*o - 100 = -28. Calculate the remainder when (12/36)/((3/(-846))/(-1)) is divided by o.
22
Let b(u) = -u**3 + 10*u**2 + 15*u - 13. What is the remainder when b(11) is divided by 5?
1
Let m = -50 + 73. Let b be 31 + (-1)/1 - -2. Suppose -5*n + 2*d + b = 0, n = -d - 2 + 14. What is the remainder when m is divided by n?
7
Let z(j) = 3*j**3 - 12*j**2 + 2*j - 3. Calculate the remainder when z(4) is divided by 3.
2
Let v be 1/2 + 1/2. Let q = -270 + 299. What is the remainder when q is divided by (0 - -15)*1/v?
14
Let t(a) = -a - 6. Let k be t(-8). Suppose 5*u = -2*f + 111, 0 = -3*f - k*f + 15. What is the remainder when u is divided by 12?
9
Let t(l) = 5*l**2 - 2*l + 2. Let h = -20 - -22. Calculate the remainder when 51 is divided by t(h).
15
Calculate the remainder when 31 is divided by -6 + (-5 + 4 - -14).
3
Let j be (-35)/2*(-4)/2. Suppose -n - j = -0*n. Let s = -20 - n. What is the remainder when 29 is divided by s?
14
Suppose -2*o - 6 = 0, 5*o - 2*o + 426 = 3*n. What is the remainder when n is divided by 35?
34
Let z = -4 + 8. Let m(t) = -t**2 + 7*t. What is the remainder when m(5) is divided by z?
2
Suppose 7*n - 2*n = 0. Calculate the remainder when 31 is divided by n/8 - (-1 + -7).
7
Let s = 26 - 16. Calculate the remainder when s is divided by 7.
3
Suppose -2*n + 74 = n - b, 5*n - b - 120 = 0. Calculate the remainder when 136 is divided by n.
21
Suppose -4*m + 452 = -r - 17, 4*m + 5*r = 487. Let n = m + 128. Calculate the remainder when 20 is divided by (-4)/22 - n/(-22).
9
Let k = 1 - 0. Let s = k + -1. Suppose 4*r + 6 - 18 = s. What is the remainder when 7 is divided by r?
1
Suppose -b - 93 + 354 = 0. Calculate the remainder when b is divided by 44.
41
Suppose 3*q = -2*a - 2, -3*a - 5 = -8*a - 5*q. Suppose -6*n + n = -a. What is the remainder when 2 is divided by n?
0
Suppose -2 = -5*c + 18. Let h = -54 - -93. Suppose c*v - h = v. What is the remainder when 24 is divided by v?
11
Let c(q) = 14*q + 1. Let p be c(1). Let o = p + 19. Calculate the remainder when o is divided by 12.
10
Let k = 20 + -3. Calculate the remainder when 65 is divided by k.
14
Let w(j) = 2*j - 11. Let m be w(5). Let s = 9 - m. What is the remainder when 17 is divided by s?
7
Suppose 0 = 4*g + 2*n + 6 - 0, 4*g - 4*n = 24. Let i be g/((-14)/(-60))*21. Let r = i + -52. Calculate the remainder when r is divided by 13.
12
Let k(h) = 7*h + 1. Let p be k(-2). Let n = p + 3. Let v(j) = j**3 + 10*j**2 + 14. What is the remainder when 40 is divided by v(n)?
12
Calculate the remainder when (-75)/(-6) + (20/(-8))/5 is divided by 5.
2
Suppose 3*s = 4*n - 197, 3*n + 4*s = 22 + 107. What is the remainder when n is divided by (8/(-5))/(5/(-50))?
15
Let i = 8 - 2. Suppose -m - 4*k - 59 = -4*m, -3*k = 6. Calculate the remainder when m is divided by i.
5
Suppose 0*o = 2*o - 20. Suppose -13 + 4 = -3*g. What is the remainder when (-1)/(g - (-345)/(-114)) is divided by o?
8
Let a = 38 + -27. Calculate the remainder when a is divided by 4.
3
Suppose 8*o - 7*o = 12. Calculate the remainder when 20 is divided by o.
8
Let q(f) = f**3 - 7*f**2 - 7*f - 4. Suppose 0 = k + 2*x, 2*k + 3*x = 6*k - 11. Suppose -k*c + 24 = 2*c. What is the remainder when c is divided by q(8)?
2
Let s(t) = 36*t. Let i be s(1). Calculate the remainder when 39 is divided by 27/i - (-162)/8.
18
Let q(v) = 4*v. Let f be q(1). What is the remainder when ((2 - 4) + -11)*-1 is divided by f + 1 + 1 + 1?
6
Suppose -4*b = -13 - 11. Let j be 43 + 3/3 + 0. What is the remainder when (j/(-6))/((-4)/6) is divided by b?
5
Let h be 6/(-3) - (2 + -3). Calculate the remainder when 48 is divided by h + 3 - (-92)/4.
23
Let s be 12/7 + 2/7. Suppose -168 = -4*f - 5*u, 0*f - s*f + 3*u = -62. What is the remainder when f is divided by 13?
11
Suppose 0 = -w - 0*w + 2. Let d be (w - (-1)/(-1)) + 3. Suppose -3*s - p = -4*s + 7, -d*p = 5*s - 17. Calculate the remainder when s is divided by 2.
1
Suppose 12 = 6*v - 54. What is the remainder when 29 is divided by v?
7
What is the remainder when (43 - -3) + (-4)/(-8)*-4 is divided by 17?
10
Let g(p) = -p + 3. Suppose 0 = 3*k - 15, -2*a = 3*k + 18 - 7. Let c = a - -20. Calculate the remainder when c is divided by g(0).
1
Suppose 0*n + 2*n - 40 = 0. Suppose 3*g - 5*f - n = -2*g, -3*f = 2*g + 12. Suppose g = m - 3 + 1. Calculate the remainder when 2 is divided by m.
0
Suppose -55 + 1 = -3*j. What is the remainder when 52 is divided by j?
16
Suppose -230 = -k - 9*k. Calculate the remainder when 68 is divided by k.
22
What is the remainder when 57 is divided by (-30)/5*(0 + -2)?
9
Let w(r) = 16*r. Suppose -12 = -2*d + 10. Calculate the remainder when w(2) is divided by d.
10
Suppose a = 2*b - 169, 6*b + 4*a = 2*b + 344. What is the remainder when 67 is divided by 2/(-1)*b/(-10)?
16
Suppose -2*b - b + 3*i + 75 = 0, -4 = 2*i. What is the remainder when 66 is divided by b?
20
Let a(u) = -2*u**2 + 5*u**2 - u + 4*u**2 + 2. Calculate the remainder when 52 is divided by a(2).
24
Let r(d) = -d**2 + 1. Let n be r(1). Suppose m + 6 = u, 5*u - u - m - 36 = n. What is the remainder when u is divided by 6?
4
Let l be (-4 - 1) + (1 - 2). What is the remainder when 25 is divided by (-76)/l - (-1)/3?
12
Suppose -3*g + 13*g - 100 = 0. What is the remainder when g is divided by 2?
0
Calculate the remainder when ((-40)/(-6) - -1)*9 is divided by 24.
21
Let y = 121 + -68. What is the remainder when y is divided by 14?
11
What is the remainder when 40 is divided by (-19 - -5)*6/(-4)?
19
Let s = 16 + -11. Suppose -s*g = -2*r - 3*r - 15, 13 = 4*g - 3*r. What is the remainder when 6 is divided by g?
2
Let u(a) = -a**3 + 11*a**2 + 13*a - 5. What is the remainder when 11 is divided by u(12)?
4
Let o be ((-7)/(-2) - 3)*-4. Let r be 4*((o - 1) + 11). Suppose 4*l - r = 4. Calculate the remainder when 25 is divided by l.
7
Let z be 2/(-8) + 2/8. Suppose u = -z*u + 51. Calculate the remainder when u is divided by 18.
15
Let z be 3 - ((3 - 1) + -